{"id":9021,"date":"2026-03-18T21:29:19","date_gmt":"2026-03-18T21:29:19","guid":{"rendered":"https:\/\/artisjet-printers.eu\/bec1go-edison-awards\/"},"modified":"2026-03-19T07:38:20","modified_gmt":"2026-03-19T06:38:20","slug":"bec1go-edison-awards","status":"publish","type":"page","link":"https:\/\/artisjet-printers.eu\/pt\/technology\/bec1go-edison-awards\/","title":{"rendered":"BEC1GO\u2122 \u2014 Nomeado para os Edison Awards 2026"},"content":{"rendered":"\n<div class=\"wp-block-group aj-article\"><div class=\"wp-block-group__inner-container is-layout-constrained wp-block-group-is-layout-constrained\">\n\n\n<h1 class=\"wp-block-heading\">BEC1GO\u2122 nomeado para os Edison Awards 2026 \u2014 Um marco partilhado<\/h1>\n\n\n\n<p><strong>BEC1GO\u2122 foi oficialmente nomeado para os <a href=\"https:\/\/edisonawards.com\/the-edison-awards\/\">Edison Awards 2026<\/a>.<\/strong> Este reconhecimento reflete a dedica\u00e7\u00e3o a longo prazo das nossas equipas, parceiros, criadores, operadores e colaboradores acad\u00e9micos em todo o mundo.<\/p>\n\n\n\n<figure class=\"wp-block-image size-medium\"><img decoding=\"async\" src=\"https:\/\/www.artisjet.com\/images\/Signatures\/edison-seal.png\" alt=\"Selo de nomeado nos Edison Awards\"\/><\/figure>\n\n\n\n<div class=\"wp-block-buttons is-layout-flex wp-block-buttons-is-layout-flex\">\n\n<div class=\"wp-block-button is-style-outline is-style-outline--1\"><a class=\"wp-block-button__link wp-element-button\" href=\"https:\/\/www.youtube.com\/watch?v=F3bTNsAsqe4\">Ver o v\u00eddeo no YouTube<\/a><\/div>\n\n<\/div>\n\n\n\n<h2 class=\"wp-block-heading\">A origem do BEC1GO<\/h2>\n\n\n\n<p>BEC1GO\u2122 nasceu com um prop\u00f3sito simples mas poderoso: <strong>despertar emo\u00e7\u00f5es, inspirar a criatividade e dar vida \u00e0 impress\u00e3o atrav\u00e9s da cor, textura e toque.<\/strong> Da comunica\u00e7\u00e3o t\u00e1til \u00e0s aplica\u00e7\u00f5es ADA, dos criadores aos operadores, da acessibilidade \u00e0 arte \u2014 BEC1GO carrega a convic\u00e7\u00e3o de que a impress\u00e3o deve ser humana, intuitiva e impactante.<\/p>\n\n\n\n<h2 class=\"wp-block-heading\">Constru\u00eddo por todo o ecossistema global<\/h2>\n\n\n\n<ul class=\"wp-block-list\">\n\n<li>\ud83d\udd39 Engenheiros que perseguem a precis\u00e3o com disciplina<\/li>\n\n\n<li>\ud83d\udd39 Equipas de aplica\u00e7\u00e3o que criam amostras fi\u00e1veis e belas<\/li>\n\n\n<li>\ud83d\udd39 Equipas de servi\u00e7o que apoiam utilizadores em todos os pa\u00edses<\/li>\n\n\n<li>\ud83d\udd39 Equipas de produto e I&#038;D que desafiam os padr\u00f5es todos os dias<\/li>\n\n\n<li>\ud83d\udd39 Criadores e operadores que alargam os limites do que a impress\u00e3o pode expressar<\/li>\n\n\n<li>\ud83d\udd39 Parceiros de neg\u00f3cio que confiam em n\u00f3s e crescem connosco<\/li>\n\n\n<li>\ud83d\udd39 Colaboradores acad\u00e9micos que abrem novas possibilidades<\/li>\n\n<\/ul>\n\n\n\n<h2 class=\"wp-block-heading\">O que esta nomea\u00e7\u00e3o significa para o futuro<\/h2>\n\n\n\n<p>Este reconhecimento traz um grande impulso para avan\u00e7ar na nossa miss\u00e3o: criar tecnologia que acenda emo\u00e7\u00f5es, inspire a criatividade e ofere\u00e7a uma impress\u00e3o significativa ao mundo.<\/p>\n\n\n\n<ul class=\"wp-block-list\">\n\n<li>\ud83c\udfaf <strong>Refor\u00e7o da miss\u00e3o<\/strong> \u2014 Continuar a construir tecnologia centrada no utilizador, intuitiva, fi\u00e1vel e emocionalmente significativa.<\/li>\n\n\n<li>\ud83c\udf1f <strong>Experi\u00eancia de utilizador melhorada<\/strong> \u2014 Maior enfoque em operadores, criadores, designers e comunidades com defici\u00eancia visual.<\/li>\n\n\n<li>\ud83c\udf10 <strong>Coopera\u00e7\u00e3o global mais s\u00f3lida<\/strong> \u2014 Maior colabora\u00e7\u00e3o com distribuidores, parceiros e institui\u00e7\u00f5es acad\u00e9micas.<\/li>\n\n\n<li>\ud83c\udfc5 <strong>Padr\u00f5es de excel\u00eancia mais elevados<\/strong> \u2014 Mais agilidade, qualidade, fiabilidade e inova\u00e7\u00e3o em todos os departamentos e regi\u00f5es.<\/li>\n\n\n<li>\ud83d\udcab <strong>Acelera\u00e7\u00e3o da vis\u00e3o global<\/strong> \u2014 Impress\u00e3o significativa para mais ind\u00fastrias, pa\u00edses e comunidades.<\/li>\n\n<\/ul>\n\n\n\n<p>Esta nomea\u00e7\u00e3o n\u00e3o \u00e9 a linha de chegada. \u00c9 a energia positiva que nos impulsiona a avan\u00e7ar com clareza, humildade e determina\u00e7\u00e3o.<\/p>\n\n\n\n<div class=\"wp-block-group has-background\" style=\"background-color:#f5f5f5;padding-top:1.5rem;padding-right:1.5rem;padding-bottom:1.5rem;padding-left:1.5rem\"><div class=\"wp-block-group__inner-container is-layout-constrained wp-container-core-group-is-layout-1675ba18 wp-block-group-is-layout-constrained\">\n\n<h3 class=\"wp-block-heading\">Quer saber mais sobre BEC1GO\u2122?<\/h3>\n\n\n<p>Na artisJet Europe somos distribuidores oficiais e podemos mostrar-lhe o BEC1GO em a\u00e7\u00e3o com uma demonstra\u00e7\u00e3o real.<br\/><br\/>\ud83d\udcde <a href=\"tel:+351308800977\">+351 308 800 977<\/a><br\/>\ud83d\udce7 <a href=\"mailto:info@artisjet-printers.eu\">info@artisjet-printers.eu<\/a><\/p>\n\n\n<div class=\"wp-block-buttons is-layout-flex wp-block-buttons-is-layout-flex\">\n\n<div class=\"wp-block-button\"><a class=\"wp-block-button__link wp-element-button\" href=\"\/pt\/contact\/\">Solicitar uma demonstra\u00e7\u00e3o<\/a><\/div>\n\n<\/div>\n\n<\/div><\/div>\n\n\n<\/div><\/div>\n","protected":false},"excerpt":{"rendered":"<p>BEC1GO\u2122 nomeado para os Edison Awards 2026 \u2014 Um marco partilhado BEC1GO\u2122 foi oficialmente nomeado para os Edison Awards 2026. Este reconhecimento reflete a dedica\u00e7\u00e3o a longo prazo das nossas equipas, parceiros, criadores, operadores e colaboradores acad\u00e9micos em todo o<\/p>\n","protected":false},"author":1,"featured_media":0,"parent":9013,"menu_order":0,"comment_status":"closed","ping_status":"closed","template":"","meta":{"ngg_post_thumbnail":0,"footnotes":""},"class_list":["post-9021","page","type-page","status-publish","hentry"],"translation":{"provider":"WPGlobus","version":"2.12.2","language":"pt","enabled_languages":["fr","de","pt","en"],"languages":{"fr":{"title":true,"content":true,"excerpt":false},"de":{"title":true,"content":true,"excerpt":false},"pt":{"title":true,"content":true,"excerpt":false},"en":{"title":true,"content":true,"excerpt":false}}},"yoast_head":"<!-- This site is optimized with the Yoast SEO plugin v22.0 - https:\/\/yoast.com\/wordpress\/plugins\/seo\/ -->\n<title>BEC1GO\u2122 \u2014 Nomeado para os Edison Awards 2026 | Artisjet Europe<\/title>\n<meta name=\"robots\" content=\"index, follow, max-snippet:-1, max-image-preview:large, max-video-preview:-1\" \/>\n<link rel=\"canonical\" href=\"https:\/\/artisjet-printers.eu\/technology\/bec1go-edison-awards\/\" \/>\n<meta property=\"og:locale\" content=\"pt_PT\" \/>\n<meta property=\"og:type\" content=\"article\" \/>\n<meta property=\"og:title\" content=\"BEC1GO\u2122 \u2014 Nomeado para os Edison Awards 2026 | Artisjet Europe\" \/>\n<meta property=\"og:url\" content=\"https:\/\/artisjet-printers.eu\/technology\/bec1go-edison-awards\/\" \/>\n<meta property=\"og:site_name\" content=\"Artisjet Europe\" \/>\n<meta property=\"article:modified_time\" content=\"2026-03-19T06:38:20+00:00\" \/>\n<meta property=\"og:image\" content=\"https:\/\/www.artisjet.com\/images\/Signatures\/edison-seal.png\" \/>\n<meta name=\"twitter:card\" content=\"summary_large_image\" \/>\n<meta name=\"twitter:label1\" content=\"Tempo estimado de leitura\" \/>\n\t<meta name=\"twitter:data1\" content=\"7 minutos\" \/>\n<script type=\"application\/ld+json\" class=\"yoast-schema-graph\">{\"@context\":\"https:\/\/schema.org\",\"@graph\":[{\"@type\":\"WebPage\",\"@id\":\"https:\/\/artisjet-printers.eu\/technology\/bec1go-edison-awards\/\",\"url\":\"https:\/\/artisjet-printers.eu\/technology\/bec1go-edison-awards\/\",\"name\":\"BEC1GO\u2122 \u2014 Nomeado para os Edison Awards 2026 | Artisjet Europe\",\"isPartOf\":{\"@id\":\"https:\/\/artisjet-printers.eu\/#website\"},\"datePublished\":\"2026-03-18T21:29:19+00:00\",\"dateModified\":\"2026-03-19T06:38:20+00:00\",\"breadcrumb\":{\"@id\":\"https:\/\/artisjet-printers.eu\/technology\/bec1go-edison-awards\/#breadcrumb\"},\"inLanguage\":\"pt-PT\",\"potentialAction\":[{\"@type\":\"ReadAction\",\"target\":[\"https:\/\/artisjet-printers.eu\/technology\/bec1go-edison-awards\/\"]}]},{\"@type\":\"BreadcrumbList\",\"@id\":\"https:\/\/artisjet-printers.eu\/technology\/bec1go-edison-awards\/#breadcrumb\",\"itemListElement\":[{\"@type\":\"ListItem\",\"position\":1,\"name\":\"Home\",\"item\":\"https:\/\/artisjet-printers.eu\/\"},{\"@type\":\"ListItem\",\"position\":2,\"name\":\"Technologie d\u2019impression UV\",\"item\":\"https:\/\/artisjet-printers.eu\/technology\/\"},{\"@type\":\"ListItem\",\"position\":3,\"name\":\"BEC1GO\u2122 \u2014 Nomin\u00e9 aux Edison Awards 2026\"}]},{\"@type\":\"WebSite\",\"@id\":\"https:\/\/artisjet-printers.eu\/#website\",\"url\":\"https:\/\/artisjet-printers.eu\/\",\"name\":\"Artisjet Europe\",\"description\":\"Official distributor in Europe\",\"publisher\":{\"@id\":\"https:\/\/artisjet-printers.eu\/#organization\"},\"potentialAction\":[{\"@type\":\"SearchAction\",\"target\":{\"@type\":\"EntryPoint\",\"urlTemplate\":\"https:\/\/artisjet-printers.eu\/?s={search_term_string}\"},\"query-input\":\"required name=search_term_string\"}],\"inLanguage\":\"pt-PT\"},{\"@type\":\"Organization\",\"@id\":\"https:\/\/artisjet-printers.eu\/#organization\",\"name\":\"ArtisJet\",\"url\":\"https:\/\/artisjet-printers.eu\/\",\"logo\":{\"@type\":\"ImageObject\",\"inLanguage\":\"pt-PT\",\"@id\":\"https:\/\/artisjet-printers.eu\/#\/schema\/logo\/image\/\",\"url\":\"https:\/\/artisjet-printers.eu\/wp-content\/uploads\/2017\/12\/logoartisjet.jpg\",\"contentUrl\":\"https:\/\/artisjet-printers.eu\/wp-content\/uploads\/2017\/12\/logoartisjet.jpg\",\"width\":217,\"height\":80,\"caption\":\"ArtisJet\"},\"image\":{\"@id\":\"https:\/\/artisjet-printers.eu\/#\/schema\/logo\/image\/\"}}]}<\/script>\n<!-- \/ Yoast SEO plugin. -->","yoast_head_json":{"title":"BEC1GO\u2122 \u2014 Nomeado para os Edison Awards 2026 | Artisjet Europe","robots":{"index":"index","follow":"follow","max-snippet":"max-snippet:-1","max-image-preview":"max-image-preview:large","max-video-preview":"max-video-preview:-1"},"canonical":"https:\/\/artisjet-printers.eu\/technology\/bec1go-edison-awards\/","og_locale":"pt_PT","og_type":"article","og_title":"BEC1GO\u2122 \u2014 Nomeado para os Edison Awards 2026 | Artisjet Europe","og_url":"https:\/\/artisjet-printers.eu\/technology\/bec1go-edison-awards\/","og_site_name":"Artisjet Europe","article_modified_time":"2026-03-19T06:38:20+00:00","og_image":[{"url":"https:\/\/www.artisjet.com\/images\/Signatures\/edison-seal.png"}],"twitter_card":"summary_large_image","twitter_misc":{"Tempo estimado de leitura":"7 minutos"},"schema":{"@context":"https:\/\/schema.org","@graph":[{"@type":"WebPage","@id":"https:\/\/artisjet-printers.eu\/technology\/bec1go-edison-awards\/","url":"https:\/\/artisjet-printers.eu\/technology\/bec1go-edison-awards\/","name":"BEC1GO\u2122 \u2014 Nomeado para os Edison Awards 2026 | Artisjet Europe","isPartOf":{"@id":"https:\/\/artisjet-printers.eu\/#website"},"datePublished":"2026-03-18T21:29:19+00:00","dateModified":"2026-03-19T06:38:20+00:00","breadcrumb":{"@id":"https:\/\/artisjet-printers.eu\/technology\/bec1go-edison-awards\/#breadcrumb"},"inLanguage":"pt-PT","potentialAction":[{"@type":"ReadAction","target":["https:\/\/artisjet-printers.eu\/technology\/bec1go-edison-awards\/"]}]},{"@type":"BreadcrumbList","@id":"https:\/\/artisjet-printers.eu\/technology\/bec1go-edison-awards\/#breadcrumb","itemListElement":[{"@type":"ListItem","position":1,"name":"Home","item":"https:\/\/artisjet-printers.eu\/"},{"@type":"ListItem","position":2,"name":"Technologie d\u2019impression UV","item":"https:\/\/artisjet-printers.eu\/technology\/"},{"@type":"ListItem","position":3,"name":"BEC1GO\u2122 \u2014 Nomin\u00e9 aux Edison Awards 2026"}]},{"@type":"WebSite","@id":"https:\/\/artisjet-printers.eu\/#website","url":"https:\/\/artisjet-printers.eu\/","name":"Artisjet Europe","description":"Official distributor in Europe","publisher":{"@id":"https:\/\/artisjet-printers.eu\/#organization"},"potentialAction":[{"@type":"SearchAction","target":{"@type":"EntryPoint","urlTemplate":"https:\/\/artisjet-printers.eu\/?s={search_term_string}"},"query-input":"required name=search_term_string"}],"inLanguage":"pt-PT"},{"@type":"Organization","@id":"https:\/\/artisjet-printers.eu\/#organization","name":"ArtisJet","url":"https:\/\/artisjet-printers.eu\/","logo":{"@type":"ImageObject","inLanguage":"pt-PT","@id":"https:\/\/artisjet-printers.eu\/#\/schema\/logo\/image\/","url":"https:\/\/artisjet-printers.eu\/wp-content\/uploads\/2017\/12\/logoartisjet.jpg","contentUrl":"https:\/\/artisjet-printers.eu\/wp-content\/uploads\/2017\/12\/logoartisjet.jpg","width":217,"height":80,"caption":"ArtisJet"},"image":{"@id":"https:\/\/artisjet-printers.eu\/#\/schema\/logo\/image\/"}}]}},"_links":{"self":[{"href":"https:\/\/artisjet-printers.eu\/pt\/wp-json\/wp\/v2\/pages\/9021","targetHints":{"allow":["GET"]}}],"collection":[{"href":"https:\/\/artisjet-printers.eu\/pt\/wp-json\/wp\/v2\/pages"}],"about":[{"href":"https:\/\/artisjet-printers.eu\/pt\/wp-json\/wp\/v2\/types\/page"}],"author":[{"embeddable":true,"href":"https:\/\/artisjet-printers.eu\/pt\/wp-json\/wp\/v2\/users\/1"}],"replies":[{"embeddable":true,"href":"https:\/\/artisjet-printers.eu\/pt\/wp-json\/wp\/v2\/comments?post=9021"}],"version-history":[{"count":1,"href":"https:\/\/artisjet-printers.eu\/pt\/wp-json\/wp\/v2\/pages\/9021\/revisions"}],"predecessor-version":[{"id":9090,"href":"https:\/\/artisjet-printers.eu\/pt\/wp-json\/wp\/v2\/pages\/9021\/revisions\/9090"}],"up":[{"embeddable":true,"href":"https:\/\/artisjet-printers.eu\/pt\/wp-json\/wp\/v2\/pages\/9013"}],"wp:attachment":[{"href":"https:\/\/artisjet-printers.eu\/pt\/wp-json\/wp\/v2\/media?parent=9021"}],"curies":[{"name":"wp","href":"https:\/\/api.w.org\/{rel}","templated":true}]}}

<div class="wp-block-group aj-article"><div class="wp-block-group__inner-container is-layout-constrained wp-block-group-is-layout-constrained">


<h1 class="wp-block-heading">BEC1GO™ nomeado para os Edison Awards 2026 — Um marco partilhado</h1>



<p><strong>BEC1GO™ foi oficialmente nomeado para os <a href="https://edisonawards.com/the-edison-awards/">Edison Awards 2026</a>.</strong> Este reconhecimento reflete a dedicação a longo prazo das nossas equipas, parceiros, criadores, operadores e colaboradores académicos em todo o mundo.</p>



<figure class="wp-block-image size-medium"><img decoding="async" src="https://www.artisjet.com/images/Signatures/edison-seal.png" alt="Selo de nomeado nos Edison Awards"/></figure>



<div class="wp-block-buttons is-layout-flex wp-block-buttons-is-layout-flex">

<div class="wp-block-button is-style-outline is-style-outline--1"><a class="wp-block-button__link wp-element-button" href="https://www.youtube.com/watch?v=F3bTNsAsqe4">Ver o vídeo no YouTube</a></div>

</div>



<h2 class="wp-block-heading">A origem do BEC1GO</h2>



<p>BEC1GO™ nasceu com um propósito simples mas poderoso: <strong>despertar emoções, inspirar a criatividade e dar vida à impressão através da cor, textura e toque.</strong> Da comunicação tátil às aplicações ADA, dos criadores aos operadores, da acessibilidade à arte — BEC1GO carrega a convicção de que a impressão deve ser humana, intuitiva e impactante.</p>



<h2 class="wp-block-heading">Construído por todo o ecossistema global</h2>



<ul class="wp-block-list">

<li>🔹 Engenheiros que perseguem a precisão com disciplina</li>


<li>🔹 Equipas de aplicação que criam amostras fiáveis e belas</li>


<li>🔹 Equipas de serviço que apoiam utilizadores em todos os países</li>


<li>🔹 Equipas de produto e I&#038;D que desafiam os padrões todos os dias</li>


<li>🔹 Criadores e operadores que alargam os limites do que a impressão pode expressar</li>


<li>🔹 Parceiros de negócio que confiam em nós e crescem connosco</li>


<li>🔹 Colaboradores académicos que abrem novas possibilidades</li>

</ul>



<h2 class="wp-block-heading">O que esta nomeação significa para o futuro</h2>



<p>Este reconhecimento traz um grande impulso para avançar na nossa missão: criar tecnologia que acenda emoções, inspire a criatividade e ofereça uma impressão significativa ao mundo.</p>



<ul class="wp-block-list">

<li>🎯 <strong>Reforço da missão</strong> — Continuar a construir tecnologia centrada no utilizador, intuitiva, fiável e emocionalmente significativa.</li>


<li>🌟 <strong>Experiência de utilizador melhorada</strong> — Maior enfoque em operadores, criadores, designers e comunidades com deficiência visual.</li>


<li>🌐 <strong>Cooperação global mais sólida</strong> — Maior colaboração com distribuidores, parceiros e instituições académicas.</li>


<li>🏅 <strong>Padrões de excelência mais elevados</strong> — Mais agilidade, qualidade, fiabilidade e inovação em todos os departamentos e regiões.</li>


<li>💫 <strong>Aceleração da visão global</strong> — Impressão significativa para mais indústrias, países e comunidades.</li>

</ul>



<p>Esta nomeação não é a linha de chegada. É a energia positiva que nos impulsiona a avançar com clareza, humildade e determinação.</p>



<div class="wp-block-group has-background" style="background-color:#f5f5f5;padding-top:1.5rem;padding-right:1.5rem;padding-bottom:1.5rem;padding-left:1.5rem"><div class="wp-block-group__inner-container is-layout-constrained wp-container-core-group-is-layout-1675ba18 wp-block-group-is-layout-constrained">

<h3 class="wp-block-heading">Quer saber mais sobre BEC1GO™?</h3>


<p>Na artisJet Europe somos distribuidores oficiais e podemos mostrar-lhe o BEC1GO em ação com uma demonstração real.<br/><br/>📞 <a href="tel:+351308800977">+351 308 800 977</a><br/>📧 <a href="mailto:info@artisjet-printers.eu">info@artisjet-printers.eu</a></p>


<div class="wp-block-buttons is-layout-flex wp-block-buttons-is-layout-flex">

<div class="wp-block-button"><a class="wp-block-button__link wp-element-button" href="/pt/contact/">Solicitar uma demonstração</a></div>

</div>

</div></div>


</div></div>

<p>BEC1GO™ nomeado para os Edison Awards 2026 — Um marco partilhado BEC1GO™ foi oficialmente nomeado para os Edison Awards 2026. Este reconhecimento reflete a dedicação a longo prazo das nossas equipas, parceiros, criadores, operadores e colaboradores académicos em todo o</p>

<!-- This site is optimized with the Yoast SEO plugin v22.0 - https://yoast.com/wordpress/plugins/seo/ -->
<title>BEC1GO™ — Nomeado para os Edison Awards 2026 | Artisjet Europe</title>
<meta name="robots" content="index, follow, max-snippet:-1, max-image-preview:large, max-video-preview:-1" />
<link rel="canonical" href="https://artisjet-printers.eu/technology/bec1go-edison-awards/" />
<meta property="og:locale" content="pt_PT" />
<meta property="og:type" content="article" />
<meta property="og:title" content="BEC1GO™ — Nomeado para os Edison Awards 2026 | Artisjet Europe" />
<meta property="og:url" content="https://artisjet-printers.eu/technology/bec1go-edison-awards/" />
<meta property="og:site_name" content="Artisjet Europe" />
<meta property="article:modified_time" content="2026-03-19T06:38:20+00:00" />
<meta property="og:image" content="https://www.artisjet.com/images/Signatures/edison-seal.png" />
<meta name="twitter:card" content="summary_large_image" />
<meta name="twitter:label1" content="Tempo estimado de leitura" />
	<meta name="twitter:data1" content="7 minutos" />
<script type="application/ld+json" class="yoast-schema-graph">{"@context":"https://schema.org","@graph":[{"@type":"WebPage","@id":"https://artisjet-printers.eu/technology/bec1go-edison-awards/","url":"https://artisjet-printers.eu/technology/bec1go-edison-awards/","name":"BEC1GO™ — Nomeado para os Edison Awards 2026 | Artisjet Europe","isPartOf":{"@id":"https://artisjet-printers.eu/#website"},"datePublished":"2026-03-18T21:29:19+00:00","dateModified":"2026-03-19T06:38:20+00:00","breadcrumb":{"@id":"https://artisjet-printers.eu/technology/bec1go-edison-awards/#breadcrumb"},"inLanguage":"pt-PT","potentialAction":[{"@type":"ReadAction","target":["https://artisjet-printers.eu/technology/bec1go-edison-awards/"]}]},{"@type":"BreadcrumbList","@id":"https://artisjet-printers.eu/technology/bec1go-edison-awards/#breadcrumb","itemListElement":[{"@type":"ListItem","position":1,"name":"Home","item":"https://artisjet-printers.eu/"},{"@type":"ListItem","position":2,"name":"Technologie d’impression UV","item":"https://artisjet-printers.eu/technology/"},{"@type":"ListItem","position":3,"name":"BEC1GO™ — Nominé aux Edison Awards 2026"}]},{"@type":"WebSite","@id":"https://artisjet-printers.eu/#website","url":"https://artisjet-printers.eu/","name":"Artisjet Europe","description":"Official distributor in Europe","publisher":{"@id":"https://artisjet-printers.eu/#organization"},"potentialAction":[{"@type":"SearchAction","target":{"@type":"EntryPoint","urlTemplate":"https://artisjet-printers.eu/?s={search_term_string}"},"query-input":"required name=search_term_string"}],"inLanguage":"pt-PT"},{"@type":"Organization","@id":"https://artisjet-printers.eu/#organization","name":"ArtisJet","url":"https://artisjet-printers.eu/","logo":{"@type":"ImageObject","inLanguage":"pt-PT","@id":"https://artisjet-printers.eu/#/schema/logo/image/","url":"https://artisjet-printers.eu/wp-content/uploads/2017/12/logoartisjet.jpg","contentUrl":"https://artisjet-printers.eu/wp-content/uploads/2017/12/logoartisjet.jpg","width":217,"height":80,"caption":"ArtisJet"},"image":{"@id":"https://artisjet-printers.eu/#/schema/logo/image/"}}]}</script>
<!-- / Yoast SEO plugin. -->

BEC1GO™ — Nominé aux Edison Awards 2026
